**2 - 364859*g - 21. What is q(-20)?
-41
Let m(r) = r**3 - 499*r**2 + 23580*r + 25861. Determine m(446).
-7
Let v(j) = 16*j**2 + 8765*j + 35049. Calculate v(-4).
245
Let g(k) = k**3 + 145*k**2 + 568*k + 27. What is g(-4)?
11
Let y(a) = -6*a**2 + 604*a + 36078. Calculate y(143).
-244
Let h(v) = -71*v + 2052. What is h(36)?
-504
Let s(t) = -26*t**2 - 31*t - 60. Determine s(-2).
-102
Let r(g) = -35264*g + 423171. Calculate r(12).
3
Let f(x) = -x**3 - 19*x**2 - 49*x - 253. Calculate f(-11).
-682
Let t(h) = 21127*h**2 - 887336*h + 83. Calculate t(42).
-1
Let v(b) = -21027*b**2 - 168212*b + 6. Give v(-8).
-26
Let l(j) = 252*j + 6174. Determine l(-24).
126
Let k(o) = -5826*o + 63883. Give k(11).
-203
Let v(w) = -w**2 + 667*w - 74941. Determine v(143).
-9
Let r(a) = -97*a**3 - 36668*a**2 - 756*a + 2. Calculate r(-378).
2
Let q(z) = -2*z**3 - 20*z**2 - 357*z - 10129. Calculate q(-17).
-14
Let d(t) = 422*t - 3125. Calculate d(6).
-593
Let y(p) = 428729*p - 28296122. What is y(66)?
-8
Let l(n) = n**3 - 154*n**2 + 308*n - 1198. Calculate l(152).
-590
Let q(g) = -15*g**2 - 7698*g - 639257. Determine q(-409).
10
Let o(k) = -k**3 + 108*k**2 - 2921*k + 130. Calculate o(53).
-188
Let m(o) = -o**2 + 66*o + 26191. What is m(-121)?
3564
Let u(m) = m**2 - 7276*m + 5567685. Determine u(869).
2
Let h(x) = -x**3 + 45*x**2 + 372*x - 62. Calculate h(-7).
-118
Let k(m) = -502*m**3 + m**2 + 2937*m - 2938. What is k(1)?
-502
Let d(u) = 67*u**2 + 845*u - 63. What is d(-13)?
275
Let l(d) = -2*d**2 + 74962*d + 224915. Calculate l(-3).
11
Let u(s) = -739*s - 7829. What is u(-12)?
1039
Let o(k) = 4*k**3 - 16*k**2 + 37*k - 145. Give o(4).
3
Let c(s) = 341*s**2 + 11276*s + 759. What is c(-33)?
0
Let q(b) = -b**2 - 380310*b + 1521243. What is q(4)?
-13
Let b(x) = -28*x**2 + 787*x - 2102. Determine b(3).
7
Let r(b) = 453*b - 5213. Give r(12).
223
Let s(m) = -110435*m + 2981761. Give s(27).
16
Let q(s) = -2*s**3 - 204*s**2 + 195*s - 193. Determine q(-103).
940
Let u(d) = 575*d - 64546. Determine u(113).
429
Let k(r) = 106*r**2 + 2678*r + 5518. Determine k(-23).
-2
Let b(z) = -104*z + 4340. What is b(9)?
3404
Let j(i) = -9*i**3 + 171*i**2 + 136*i + 1000. Give j(20).
120
Let d(r) = -r**3 - 66*r**2 - 233*r + 924. Give d(-62).
-6
Let g(d) = 95*d**2 + 4096*d + 407. Determine g(-43).
-66
Let y(g) = -3129*g - 369230. Determine y(-118).
-8
Let s(a) = -2*a**3 + 35*a**2 + 43*a - 402. Give s(18).
48
Let j(f) = -694*f + 65182. Calculate j(94).
-54
Let a(c) = c**3 + 151*c**2 - 32*c + 20445. Determine a(-152).
2205
Let k(a) = -a**3 - 42*a**2 + 126*a + 53. Calculate k(-45).
458
Let z(l) = -l**2 + 335*l + 171288. Determine z(-279).
-18
Let b(f) = -1495*f - 76251. Determine b(-51).
-6
Let a(s) = -26*s**2 + 1521*s - 22189. Determine a(31).
-24
Let p(w) = -14*w**3 - 335*w**2 + 54*w + 93. What is p(-24)?
-627
Let j(l) = -9747*l + 4025507. What is j(413)?
-4
Let i(b) = b**2 - 51*b - 11717. Give i(136).
-157
Let w(x) = -77124*x - 1079742. Calculate w(-14).
-6
Let q(z) = 30*z**2 + 211*z - 263. Calculate q(-8).
-31
Let a(c) = 15816*c + 1866288. What is a(-118)?
0
Let p(b) = b**3 + 1120*b**2 - 751417*b - 3306. Calculate p(472).
-2
Let r(n) = -6*n**2 + 127476*n + 2041154. Calculate r(-16).
2
Let w(r) = 1301*r**3 - 5*r**2 + 137*r - 133. Give w(1).
1300
Let n(s) = 19*s**2 - 1396*s + 8333. Determine n(6).
641
Let d(n) = 542830*n + 9770925. Determine d(-18).
-15
Let k(q) = 879*q + 30763. Give k(-35).
-2
Let m(z) = 11336*z + 2414567. Give m(-213).
-1
Let g(r) = 6*r**2 + 113*r - 358. Give g(4).
190
Let c(s) = -1497933*s + 2995868. Give c(2).
2
Let a(t) = -t**3 + 113*t**2 + 7172*t - 9785. Give a(158).
11
Let h(j) = -19*j**2 - 3519*j - 414. Give h(-185).
326
Let d(y) = y**3 - 174*y**2 + 2224*y + 38. Calculate d(160).
-2522
Let b(w) = -w**3 + 40*w**2 - 107*w + 15. What is b(37)?
163
Let v(l) = -l**2 + 158*l - 5627. Calculate v(59).
214
Let o(c) = 153*c - 5271. Calculate o(32).
-375
Let b(v) = -897*v - 13332. Determine b(-15).
123
Let w(r) = -r**3 + 27*r**2 + 1068*r - 29081. Determine w(28).
39
Let t(p) = -244*p**3 - 33429*p**2 - 126*p + 1515. Calculate t(-137).
8
Let n(a) = -5*a**3 + 154*a**2 + 337*a + 69. Give n(33).
-789
Let r(b) = -573*b**2 - 2883*b - 28. Determine r(-5).
62
Let d(a) = 30*a**3 - 511*a**2 - 724*a + 12609. Determine d(17).
12
Let b(o) = -o**3 - 45*o**2 - 239*o - 369. What is b(-3)?
-30
Let s(x) = -3343*x - 1240244. Calculate s(-371).
9
Let p(q) = -14*q**2 - 534*q + 3598. Give p(7).
-826
Let q(m) = -m**3 + 234*m**2 - 743*m + 118846. Determine q(233).
16
Let n(b) = -7*b**2 - 372*b - 3494. Give n(-41).
-9
Let h(i) = -3*i**3 + 564*i**2 - 21949*i - 126. Calculate h(55).
-346
Let k(z) = 11*z**2 - 38*z - 26. Give k(8).
374
Let g(p) = -p**3 + 5*p**2 + 4*p - 715. Give g(0).
-715
Let l(m) = 539209*m - 12941010. Determine l(24).
6
Let j(v) = -2*v**3 - 149*v**2 - 370*v - 2680. Determine j(-72).
-1960
Let a(l) = -16*l**2 - 6932*l - 54441. Calculate a(-8).
-9
Let y(r) = -6631*r + 39726. Calculate y(6).
-60
Let m(j) = j**3 + 49*j**2 + 273*j - 133. Calculate m(-7).
14
Let m(d) = -2*d**2 + 1498*d + 325613. Determine m(-176).
13
Let w(f) = -53582*f + 1125217. What is w(21)?
-5
Let o(d) = d**3 - 124*d**2 + 477*d + 683. Determine o(120).
323
Let w(m) = -15*m**2 + 339*m - 1946. Determine w(11).
-32
Let s(k) = -5*k**3 - 277*k**2 - 2502*k - 16. What is s(-11)?
644
Let c(h) = -12*h**2 + 5225*h - 48126. Determine c(426).
12
Let l(u) = -12*u**2 + 2812*u + 10469. Give l(238).
-3
Let s(v) = -764*v**2 - 719*v + 15. Determine s(-1).
-30
Let h(j) = -j**2 - 459*j + 15182. What is h(31)?
-8
Let p(g) = -411*g**3 - 8*g**2 + 58*g + 126. Give p(-2).
3266
Let x(o) = -2*o**3 + 30*o**2 + 282*o - 4034. Give x(14).
306
Let m(x) = 17*x**2 - 264*x + 975. Give m(7).
-40
Let x(h) = 187*h - 50202. Determine x(260).
-1582
Let z(a) = 5*a**3 - 51*a**2 + 333*a - 1952. Give z(8).
8
Let q(l) = -3*l**2 - 5499*l + 16515. Give q(3).
-9
Let v(h) = -22343*h + 89421. Give v(4).
49
Let y(b) = -3682*b - 30740. Determine y(-8).
-1284
Let q(i) = 546*i - 5561. Determine q(10).
-101
Let c(o) = 2*o**3 + 26*o**2 - 91*o - 499. Give c(-15).
-34
Let l(y) = 2*y**3 - 18*y**2 - 299*y - 821. Determine l(-4).
-41
Let s(a) = 2*a**2 - 588*a - 35983. Give s(-52).
1
Let s(t) = -2*t**3 + 15*t**2 + 1094*t - 132. Give s(-20).
-12
Let w(i) = 13*i**2 + 1628*i + 20533. Give w(-111).
-2
Let g(m) = -93*m**2 - 3*m - 61. Determine g(-5).
-2371
Let c(f) = -1263*f - 30129. Give c(-22).
-2343
Let p(a) = -140*a - 1941. Give p(-42).
3939
Let l(h) = -h**2 + 152*h + 770. Give l(-5).
-15
Let k(g) = -g**3 - 11*g**2 - 586*g - 5010. Determine k(-9).
102
Let z(u) = -54*u**2 + 1803*u - 2279. Determine z(32).
121
Let c(w) = 4*w**3 - 264*w**2 - 4111*w + 231. What is c(79)?
-6
Let q(h) = 3*h**2 + 171*h + 1875. Determine q(-42).
-15
Let i(v) = -v**3 + 94*v**2 - 615*v + 501. Determine i(87).
-21
Let q(g) = -65*g**2 - 2692*g + 43. Determine q(-40).
3723
Let f(y) = -96*y**2 - 1973*y + 801. Determine f(-21).
-102
Let n(x) = 12*x**2 - 3029*x - 3026. What is n(-1)?
15
Let q(c) = -c**2 - 727*c - 6464. Determine q(-718).
-2
Let d(m) = 7308*m**2 - 109616*m - 28. Calculate d(15).
32
Let u(t) = 48*t**2 - 18486*t + 2641. Calculate u(385).
331
Let f(h) = 1017858*h - 8142872. What is f(8)?
-8
Let z(c) = 84373*c - 6412357. Calculate z(76).
-9
Let y(s) = 31*s**2 - 573*s + 1621. Give y(3).
181
Let v(a) = a**3 + 116*a**2 - 1319*a + 9909. Calculate v(-127).
3
Let o(k) = -2*k**2 + 775415*k + 9305275. Determine o(-12).
7
Let j(f) = 275*f**2 + 2298*f + 289. Calculate j(-8).
-495
Let w(i) = -i**3 - 576*i**2 - 3413*i + 3993. Calculate w(-570).
3
Let m(b) = -28*b**3 - 168*b**2 + 22*b + 96. Calculate m(-6).
-36
Let l(b) = 6*b**3 - 148*b**2 - 33*b - 162. What is l(25)?
263
Let d(t) = -298*t - 10852. What is d(-47)?
3154
Let d(y) = -y**3 + 17*y**2 - 63*y + 298. Give d(14).
4
Let s(b) = -4517*b + 1016321. Give s(225).
-4
Let b(l) = 143*l + 273. Calculate b(-14).
-1729
Let s(t) = 1033*t - 8053. Calculate s(5).
-2888
Let f(y) = y**3 + 3657*y**2 - 10979*y - 10. Calculate f(3).
-7
Let k(h) = h**2 - 245*h - 2766. What is k(-11)?
50
Let q(w) = -74485*w - 6554671. Calculate q(-88).
9
Let b(a) = 1446*a**2 - 148931*a - 552. Determine b(103).
169
Let p(l) = 3617*l + 745082. Determine p(-206).
-20
Let d(a) = a**3 + 244*a**2 + 388*a - 23